l = 788 + 221. Is l composite?
False
Suppose 0 = -q + 2 - 6. Let v be 3/(-12) + (-2257)/q. Suppose -3*x + v - 81 = 0. Is x composite?
True
Suppose 0 = 3*o - 545 - 256. Suppose 3*h - o + 0 = 0. Is h a composite number?
False
Let u(d) = 115*d**2 + 7*d - 31. Is u(-9) a prime number?
True
Let w(g) = -10*g**3 - 5*g**2 - 11*g - 15. Let h be w(-12). Suppose 7*b + 6422 = h. Is b a prime number?
False
Let d(j) = j**3 - 6*j**2 + 3*j - 4. Let i(q) = 2*q**3 - 3*q**2 + 2*q - 1. Let a be i(2). Suppose a = 3*o - 11. Is d(o) a prime number?
False
Suppose -4*l - 19527 = -3*p - 2245, -5*l + 17264 = 3*p. Is p a composite number?
True
Let z(l) = -8 + 1 - 10 - 93*l. Let h = -100 - -94. Is z(h) a prime number?
True
Suppose -k - 11974 = 4*c, 5*c + k - 4*k + 14959 = 0. Let h = c + 5230. Is h a prime number?
True
Suppose 0 = 5*o - o - 16. Suppose 8 = o*f, -4*g - 3*f = -67 - 87. Is g a prime number?
True
Let j = -7165 - -11292. Is j a prime number?
True
Let m(k) = 22*k**3 + 4*k**2 - 4*k + 7. Is m(5) a composite number?
False
Let m(j) = 61*j - 4. Let v(i) = -1. Let h(u) = -m(u) - 5*v(u). Is h(-8) a composite number?
True
Let x(u) = u**2 - 8*u + 3. Let v(j) = j**2 + 2*j + 1. Let h be v(2). Let l be x(h). Is 414/l*6/3 prime?
False
Let p be (-1098)/8 + 5/20. Let o = p - -53. Let c = o + 193. Is c a composite number?
False
Let u = -3739 - -7185. Is u a prime number?
False
Suppose 0 = 4*j + 3*j - 2121. Suppose 0 = -b + 3*b + f + j, 0 = -4*f + 20. Let x = 413 + b. Is x composite?
True
Suppose c - 4*l + 16 = 0, -2 + 10 = 2*l. Suppose -2*j + w + 255 = -124, -5*j - 4*w + 915 = c. Is j composite?
True
Let k(r) = -6*r**2 + 4*r - 1. Let y be k(5). Let q = 60 - 250. Let v = y - q. Is v a composite number?
False
Suppose -5*w - 2*w - 35 = 0. Let j(o) = o**2 - o + 5. Is j(w) a composite number?
True
Let c = 4 + -7. Let k(f) = -75*f**3 - 4*f**2 + 2*f + 4. Is k(c) prime?
True
Let a = 1 - 2. Let h(x) = -170 - 75*x - 35*x + 171. Is h(a) prime?
False
Let b(r) = -20*r - 321. Is b(-35) prime?
True
Let r(p) = -p**2 + 12*p - 9. Let b be (-88)/2*(-2)/8. Let y be r(b). Suppose y*u = -0*u + 254. Is u prime?
True
Let t(h) = -19560*h - 299. Is t(-2) a prime number?
True
Let q = 112 + -164. Is q/(-24) + -2 - 4505/(-6) prime?
True
Let q(l) = 5*l**2 - 25*l - 4. Let t be q(6). Suppose p - 103 = t. Is p a prime number?
False
Suppose 5*l - 12 = y, -2*y + 2 = 5*l - 2*l. Suppose -o - k = -3*o + 841, -l*k - 425 = -o. Let s = o + -80. Is s a composite number?
True
Let o(x) = x**2 + 16*x - 359. Is o(-60) prime?
True
Suppose 4 = 4*x, 0 = 5*l + 4*x - 121699 - 3290. Is l prime?
False
Suppose -3*z + 0*z + 4005 = 0. Suppose -2*i = j - z, 1331 = j + 7*i - 3*i. Let l = j + -834. Is l composite?
True
Let m(r) = 2*r**2 - 6*r + 4. Let s be m(3). Suppose -154 + 1698 = s*y. Suppose 0 = 2*l - y - 248. Is l prime?
True
Suppose -10*b = -22 + 2. Suppose 3*y = 5*o + 5*y - 2757, -b*o + 3*y = -1118. Is o composite?
True
Let d = -261 - -439. Suppose s - v = d, -3*v + 528 = 5*s - 2*s. Is s prime?
False
Let j(d) = -677*d**3 + 9*d + 5. Is j(-2) a prime number?
False
Suppose 15 = -3*k + 6*k. Suppose k*b = 2*b + 21. Suppose -2*m = -b*m + 635. Is m composite?
False
Let q be 328 + (3 + -4 - 0). Let y = q + -211. Suppose y + 49 = 3*s. Is s a composite number?
True
Suppose 4*u + 15 = 2*v - 3, 9 = -3*v. Let h be 136/(-32)*1 + 5/4. Is (-1)/h - 706/u prime?
False
Let m be 31*(107 + (-2 - -6)). Is (m/(-6))/(3/(12/(-2))) prime?
False
Let r be (1 + 4)*(-4)/(-10). Suppose -r*c + 3*s + 479 = 0, c - 715 = -2*c + s. Let y = -155 + c. Is y prime?
True
Let z(k) = 2*k**2 - 5*k + 4. Let v be z(-6). Suppose -2*i = -i - v. Is i a prime number?
False
Suppose 0 = u + 4*h - 330, 2*u + 0*h - 633 = h. Let c(x) = 2*x**2 - 13*x + 16. Let r be c(11). Let v = u - r. Is v composite?
True
Let z(o) = -9 - 1 - 2*o**2 + o + 11. Let s be z(1). Suppose s = -3*q + 3*t + 303, -q + 5*t = t - 113. Is q a composite number?
False
Let i be 2683/6*2 + (-2)/6. Let r = -220 + i. Is r composite?
True
Suppose 0 = -u - 5*p + 284, 2*u + 0*u - 5*p - 568 = 0. Suppose -k + 5*y + u = 0, -3*k + 0*y + 885 = -4*y. Is k prime?
False
Let y(o) = 229*o**2 + 3. Let p be (-2)/4*(24 - 20). Is y(p) a composite number?
False
Suppose 2*s + 9*q - 5*q = 14688, 2*s = -5*q + 14683. Is s a prime number?
False
Is 1/(-10 + (-541037)/(-54103)) prime?
False
Suppose 0*h + 10 = 2*h. Suppose -n = 5*u - 15, 16 = h*u + 3*n - 9. Suppose 4*r + 4*g - 1801 - 75 = 0, 5*r - 2345 = u*g. Is r a prime number?
False
Suppose v + 2*y + 10 = 0, -3*v + 3*y - y - 22 = 0. Is ((-211)/(-2))/(v/(-16)) composite?
False
Let i(a) = 3127*a**2 - 6*a + 6. Is i(1) a prime number?
False
Let o = -535 + 324. Suppose -5*p = 694 + 1376. Let r = o - p. Is r a composite number?
True
Suppose 4864 = 6*b + 160. Suppose 0 = -4*l - 2*f + b, 0 = -5*f + 20. Is l prime?
False
Let g be 1*(-2571)/(-3) + -3. Let c = -515 + g. Is c composite?
True
Suppose k - 261 = 2*p, -6*k + 4*p = -7*k + 273. Is k a prime number?
False
Let t = -101 + 97. Is (-2 - 10/t) + 3028/8 a prime number?
True
Let x = 4109 - 7094. Let i = 6507 + x. Suppose 7*k - k = i. Is k composite?
False
Let y(x) = -x**3 + 9*x**2 - x + 12. Let a be y(9). Let v be 3406/a - (-4)/(-12). Suppose -3*o + v = -2*o. Is o prime?
False
Let f = -23964 - -43765. Is f composite?
False
Let v(d) = d**3 - 9*d**2 + 9*d - 5. Let c be v(8). Suppose c*x + 451 = z, -4*x + 582 = z + 117. Is z a composite number?
False
Suppose 5*q = o - 406, o + 5 = 6*o. Let r be (-190)/4 - 6/(-12). Let c = r - q. Is c a composite number?
True
Is 27/15*(143 - -2) - 2 a composite number?
True
Let i be (203 + 5)*25 - 1. Let j = i + -2428. Is j prime?
False
Let c(v) = 233*v**2 + 5*v - 25. Is c(-7) a composite number?
True
Let l(j) = -3*j + 6*j - 2*j**3 - j - 5*j**2. Is l(-7) composite?
True
Let a = 3221 + 1156. Is a prime?
False
Suppose 3*d = 4*d - 102. Let f = 36 - d. Let o = 92 + f. Is o a prime number?
False
Is (-1)/(-1) + (66314 - -4) prime?
False
Suppose -18*s - 14 = -11*s. Is (10*(-101)/s)/1 prime?
False
Let i be -2*181 + 2 + -5. Let d = i + 792. Is d a prime number?
False
Suppose 1165577 = 12*q - 321811. Is q composite?
True
Let i = -29174 - -55015. Is i a composite number?
False
Suppose 0 = 4*w - 578 - 738. Is w composite?
True
Let i(b) = -b**3 + 23*b**2 - 3*b + 17. Let d be i(17). Suppose 0 = -4*s - d + 5208. Is s a composite number?
False
Suppose -2*z - 28567 = 5*o - 84846, 0 = 4*o + z - 45025. Is o a composite number?
False
Suppose 6*k = 13176 + 10218. Is k a prime number?
False
Is ((-3)/2)/((-23)/((-29980408)/(-12))) a prime number?
True
Is ((-26)/(-39))/(12/423234) prime?
False
Suppose 0 = -3*g + 3*p + 6 - 3, -g + 4*p = 8. Let q be g/(-14) - (-930)/21. Suppose a = -a + q. Is a a prime number?
False
Let i(o) = -12*o**3 + o**2 - 2*o + 1. Let y be i(1). Let f = -15 - y. Is 3/(f + 16/5) composite?
True
Let f(n) = -n**3 + 10*n**2 + 2*n - 12. Let v be f(10). Let q(r) = -4*r**3 - 6*r**2 + 12*r - 4. Let a be q(v). Is a/(-6) - (1 + 0) composite?
False
Suppose 0 = 2*n - 7*n + 5*z + 18120, 4*z = 3*n - 10871. Let h = n - 1932. Is h prime?
True
Let j(x) = 5*x + 12. Let o be j(-3). Let n be (4/o)/((-2)/6). Suppose 0 = n*a + 392 - 1660. Is a a composite number?
False
Let y = 50 + -36. Is (2 - y/6)*-159 composite?
False
Let w = 3 - -3. Suppose -14*d = -11*d - w. Suppose -l + 4*u + 185 = u, d*l + 5*u - 403 = 0. Is l a prime number?
False
Let z(n) = n**2 - 2*n + 4. Let r be z(0). Suppose -3*h + r*h = 10. Is h prime?
False
Let p(u) = 4*u**3 + 11*u**2 + 3*u + 11. Let d be p(5). Let o = 1182 + d. Is o a prime number?
False
Suppose 5*g = -5*h - 295, -5*h + 0*h - 3*g - 295 = 0. Let o = -85 - h. Let q = -4 - o. Is q composite?
True
Suppose 0 = 4*u - m - 7, -5*u + 4*m - 8 = -3. Suppose -5*v + 4*q + 5002 = 0, -u = -5*q - 18. Is v prime?
False
Suppose 0 = -2*n + 2*x - 92, -5*x - 124 = 5*n + 86. Is 10862*(-15)/(-110) + 8/n prime?
True
Let q(t) = 3*t**2 - 3. Let v be q(-2). Suppose 0 = -3*b + v, 0 = 3*r - 2*b - 2*b - 2547. Is r a composite number?
False
Suppose 4*d + 3*a = -0*d + 14, -6 = 3*a. Suppose 4*k + k - 3*b = 4980, b = -d. Is k a composite number?
True
Let a(k) = 131*k**2 + 5*k - 25. Suppose 0 = -3*f - 4*y + 14, -3*y + 2*y + 23 = 4*f. Is a(f) a composite number?
False
Let z(c) = 2*c**2 - 2*c + 1387. Is z(0) prime?
False
Let q(k) = 1729*k**2. L